m) = -m**2 - 1. Let s(j) = g*t(j) + h*n(j). Give s(-2).
6
Let f be (2 + (-10)/(-8))*4. Let b(q) = q**2 - 13*q + 3. Let j be b(f). Let d(x) = x**3 - 4*x**2 + 4*x - 3. Determine d(j).
0
Let o(m) be the third derivative of -m**6/120 + m**5/30 + m**4/8 + 2*m**3/3 + 4*m**2. Determine o(3).
4
Let x(j) = -1 + j + 0 - 4*j. Let s = -22 - -16. Let z(y) = y**3 + 6*y**2 - 3. Let t be z(s). Give x(t).
8
Let o(x) be the first derivative of x**6/120 + x**5/10 - x**4/12 - 3*x**3/2 + 5*x**2/2 + 4. Let p(c) be the second derivative of o(c). Give p(-6).
3
Suppose 2*a = -0*a + 5*l + 36, -2*a - 4*l = 0. Let m(f) = -f**2 + 9*f - 4. Calculate m(a).
4
Let t(c) be the first derivative of c**4 + c**3 - 4*c**2 + 6*c - 8. Let j(s) = 3*s**3 + 2*s**2 - 7*s + 5. Let g(r) = 6*j(r) - 5*t(r). Calculate g(-2).
8
Let r(y) be the third derivative of -y**4/24 - 7*y**3/6 - 51*y**2. What is r(-4)?
-3
Let j(l) = -3*l - l**2 + 0*l - l**2. Give j(-3).
-9
Let q(x) = -5*x**2 + 2*x - 10. Let f(w) = 11*w**2 - 3*w + 21. Let o(i) = -4*f(i) - 9*q(i). Calculate o(6).
6
Let f be -2 + 9 + 1/(-1). Let a = -5 + f. Let m(s) = -2*s**2 - s + 1. Calculate m(a).
-2
Let n(y) = 2*y**3 + 5*y**2 - 3*y + 1. Suppose 2*g = g + 4. Let o(f) = -f**3 - 4*f**2 + 2*f - 1. Let k(x) = g*n(x) + 5*o(x). Let h = -6 + 5. Give k(h).
-2
Let n(s) = -s - 1. Let q = 29 + -27. Determine n(q).
-3
Let x(b) = -b**2 - 6*b. Let q(i) = 5*i**2 + 31*i + 1. Let z(n) = 2*q(n) + 11*x(n). What is z(-4)?
2
Suppose -5*r + 5 = -5*q, q + 0 = -r - 1. Let s(i) = 3*i - 4*i + r*i. Let t be s(-1). Let o(x) = 6*x. Determine o(t).
6
Let i(w) = 6*w**2 - 2*w + 1. Let v be i(1). Let q(k) = -2*k + v - 1 + 2. Suppose -5*j + 2*j = 2*d - 19, 4*j = 4*d - 8. Calculate q(d).
-4
Let q(n) = n - 3. Let d = -51 + 56. Give q(d).
2
Suppose -5*p + n + 12 = 0, 0*n + 5*n = p + 12. Let b(g) = -g + 1. Calculate b(p).
-2
Suppose 6*l - l - 20 = 5*f, l = 5*f + 16. Let m(w) = w**3 + 4*w**2 + 4*w. Determine m(f).
-3
Let w(q) = -5*q - 2. Let s(r) = 16*r + 6. Let u(b) = 4*s(b) + 14*w(b). Determine u(3).
-22
Let h be 25/3 + (-4)/12. Let b = -3 + h. Let i(x) = -x**3 + 5*x**2 - 6. What is i(b)?
-6
Let f(o) be the first derivative of -5*o**2 + 23. What is f(1)?
-10
Let y(o) = 2*o**3 + 6*o**2 + 4*o - 6. Let g(v) = -3*v**3 - 6*v**2 - 5*v + 6. Let c(z) = -3*g(z) - 4*y(z). Calculate c(6).
0
Let n(d) = -1 - 2*d - 2*d - 3*d. Suppose -4 = -g - 2. Suppose -5 = z + 2*p, -5*p + 4*p - 5 = -g*z. Calculate n(z).
-8
Let k(a) = a. Let c(j) = -3*j - 1. Let z(f) = -c(f) + k(f). Suppose 0 = 3*d - d - 6. Suppose d*v = 6*v + 2*q - 5, 4*v + 8 = q. Give z(v).
-3
Suppose 0 = 5*v - 10. Let k be 30/4 + 3/2. Let i(r) = 0*r + 3*r - 2*r - k*r**v. Calculate i(1).
-8
Let f(s) = -s**2 + s. Let t be f(1). Let l be (-3)/(-2)*(-7 - -9). Let w(p) = t*p + p + l + 0. What is w(0)?
3
Let w(k) = k**3 + 2*k**2 - 4*k - 6. Let d(l) = -2*l**3 - 5*l**2 + 9*l + 11. Let f(y) = 3*d(y) + 5*w(y). Suppose -4*b - 4 = 20. Calculate f(b).
-3
Let s(r) be the first derivative of r**3/3 - 5*r**2/2 - 3*r + 12. Determine s(7).
11
Let h be -1*((1 - -1) + 0). Let k(v) = v**3 + v**2 + 1. Give k(h).
-3
Let c = 1 + 4. Let z(u) = 972*u - 486*u - 483*u - 3. What is z(c)?
12
Let a(o) = 1 + 0*o - o + 2*o - 2*o. Give a(-1).
2
Let l(g) be the second derivative of g**5/20 + g**4/4 - 2*g**3/3 - g. Let k be l(-4). Let z(i) = -i**2 + 2. Determine z(k).
2
Let c(q) = q**2 + 0*q - q + 2 - 4*q. Suppose -8 = -5*i + 7. What is c(i)?
-4
Suppose 3*i = 6, 0 = -4*t - i + 4*i + 10. Let w(h) be the first derivative of h**4/4 - h**3 - h**2/2 - 5*h + 1. Give w(t).
7
Let h = -11 - -9. Let t = h + 4. Let j(z) = -1 + 3*z - t*z - 2*z + 3. Determine j(-2).
4
Let u(k) = 0*k - 3*k + 4*k + 1 + 0*k. Suppose l = 3 - 1, -3*t - 19 = 4*l. Let n(m) = -m**2 - 8*m + 12. Let v be n(t). Determine u(v).
4
Let v = -3 - -7. Let a(o) = 11*o**3 + 7 - 3*o - 16 - v*o. Let d(i) = 6*i**3 - 4*i - 5. Let j(m) = 4*a(m) - 7*d(m). Give j(-1).
-3
Let v(w) = w**3 + w**2 + 2*w**2 + 3 + w - w**2 + w**2. Let k be -1 + 2 + -3 + -1. Determine v(k).
0
Let p(y) = y - 2. Suppose -2*t - 2 = -5*j, 0 + 6 = 2*t - j. Let z be -2*(t/(-1))/1. Suppose 5*i + z + 7 = 0. Determine p(i).
-5
Let n(w) = 2*w + 3. Let o(c) = -c - 1. Let v(i) = 3*n(i) + 7*o(i). Suppose 0 = 4*p + 2 - 22. Determine v(p).
-3
Let h(u) = 4*u + 12*u**3 - 3*u - 2*u. Let r be 6 + 2*35/(-14). Calculate h(r).
11
Let d(s) = 6*s**2 + 39*s - 7*s**2 - 44*s + 2. What is d(-6)?
-4
Suppose 5*f + 3*j = -0*f + 29, j = f - 1. Suppose -u = -i - 3, -4*i + u + 3 = -0. Let o(n) = -n**3 + 5*n + 4*n**i + 3 - 4*n - 3 + 1. Determine o(f).
5
Let j(q) = q - 1. Let y(k) = 3. Let f(h) = 2*j(h) + y(h). Let w be f(2). Let z(r) = -r + 1. Give z(w).
-4
Let b(g) = g**3 + 7*g**2 - 7*g + 10. Let h(w) = -w**3 + 7*w**2 + 5*w + 16. Let f be h(8). What is b(f)?
2
Let t be 0 - 0 - 1/1. Let c(k) = 15*k - 2. Let y(j) = 8*j + 0*j - 6 + 5. Let s(r) = -6*c(r) + 11*y(r). Calculate s(t).
3
Let x(b) = b**3 - 3*b**2 - 2*b + 2. Let c = -60 + 63. Determine x(c).
-4
Let q(p) = -3*p + 4. Let y be (-2 - -3) + 10 + -6. Calculate q(y).
-11
Let a = -6 + 12. Let k = a - 4. Let s(q) = 2*q**3 - 3*q**2 + 2*q - 3. Calculate s(k).
5
Let i(x) = x**2 - 4*x + 6. Let o be 0/((1 - 3)/(-1)). Suppose o*n = -2*n + 10. Calculate i(n).
11
Let l(v) = 5*v - 2. Let a(u) = 4*u - 1. Let w(p) = -7*a(p) + 6*l(p). Determine w(9).
13
Let u(w) = 7*w**3 - 13*w**2 - 3*w + 4. Let j(c) = 0 + 2*c - 6*c**2 - 2 + 4 - 4*c + 3*c**3. Let g(l) = -5*j(l) + 2*u(l). Give g(5).
-7
Let p(a) = -4*a + 7. Let c(s) = -3*s + 6. Let h(o) = 6*c(o) - 5*p(o). Calculate h(-3).
-5
Let f(z) = z + 2. Let r be (-2)/(-4) + 27/6. Suppose -r*i + 4 = -21. Give f(i).
7
Let d be 1/((-27)/(-12) + -2). Let z(m) = -5*m + d*m + 2 + 0. Determine z(4).
-2
Let t(y) = y**2 + 5*y - 4. Let j be (-1)/(13/(-7) - -2). Give t(j).
10
Suppose -1 - 19 = -5*c. Let k(m) = 0*m - 3*m + 3 + 2 + 0*m. Calculate k(c).
-7
Let p = -3 + 7. Let n(a) = -p*a**2 + 5*a**2 + 7 + 5*a + 2*a. Determine n(-6).
1
Let a be 9/6*16/6. Suppose -6*v - o = -2*v + 7, -a*o = -4. Let r = v - -1. Let i(c) = 9*c + 1. Calculate i(r).
-8
Let a(n) = -1 - 2*n**2 + 8 - 5 - 2*n**3 + 2*n. Determine a(-2).
6
Let a(h) be the third derivative of h**6/120 - h**5/60 - h**4/24 + h**3/6 - 44*h**2. Determine a(2).
3
Let l(x) = -x + 7. Let b be (-2)/(-7) - (-33)/7. Let t be l(b). Let g(d) = -1 + d + 0*d + 0. Determine g(t).
1
Let w(s) = s**2 - 104*s**3 - 6 - 6 + 103*s**3. What is w(0)?
-12
Let z(h) be the third derivative of -h**5/30 - 7*h**2 - h. Calculate z(-1).
-2
Let d be (7 - 4)*5/3. Suppose j = -5*i - 5, -5*i - 11 - 24 = -d*j. Let q(c) = c**2 + 3*c + 2. Determine q(i).
0
Let j(y) be the second derivative of 0 - 1/6*y**3 - 2*y**2 - 2*y. Give j(4).
-8
Let o(p) = -p**3 - p**2 - p. Let g(n) = -4*n**3 - 7*n**2 - 6*n. Let t(k) = -g(k) + 3*o(k). Let d(f) = -f. Let y be d(2). Give t(y).
2
Let b be 21/(-14)*4/(-3). Let l(a) = 4*a**2 - 4*a + 2. Give l(b).
10
Let c(q) = q**3 - 6*q**2 - 5*q - 10. Let w be c(7). Suppose -3*y + 19 = 4*v, -w*v + 3*v = -3*y - 1. Let a(t) = -3*t + 2*t**2 + t**2 + 2*t. Give a(y).
2
Let b(k) = -3*k. Let p(o) be the third derivative of o**4/4 - 5*o**2. Let w(r) = -5*b(r) - 3*p(r). Calculate w(2).
-6
Let a(z) be the first derivative of z**3/3 + z + 6. Calculate a(2).
5
Let u(z) = z + 1. Let w(i) = -9. Let g = -11 - -9. Let m(p) = g*u(p) - w(p). What is m(5)?
-3
Let i(h) = 3*h**2 - 2*h + 3. Suppose -8 = n + 5*x, 3*x + 0 = -2*n - 2. Give i(n).
11
Let w(z) = z - 1. Let o(h) = 3*h + 3. Let c(g) = o(g) - 2*w(g). Suppose 0 = -4*p + p - 18. What is c(p)?
-1
Let p(u) = u**2 + u + 4. Suppose 0 = -v - 2*v. Let a be (4/(-6))/(3/9). Let f be v/4*a/6. Calculate p(f).
4
Let b(r) = -6*r**2 + 3*r + 4. Let v(f) = -f**2 + 1. Let h(g) = -b(g) + 5*v(g). Give h(5).
11
Let b(t) = 3*t - 6. Let i = -2 - -5. Suppose 4*u - 12 = y, 0 = -i*u + 3*y + 2*y - 8. Calculate b(u).
6
Let h(w) = -2*w**2 + 1. Suppose -2*l = -4*l. Let y be (l - 1) + 0/(-1). Give h(y).
-1
Suppose v + v - 8 = 0. Let r(d) be the second derivative of -1/12*d**v - 1/2*d**3 + 0 + d + 1/2*d**2. Give r(-3).
1
Let g(z) = 4*z**2 + 2*z + 2*z**2 + 4 - 5*z**2. Calculate g(-3).
7
Let t(q) = q - 1. Let m(c) = 7*c + 5. Let u be m(-1). Give t(u).
-3
Let s(i) = 6*i**3 + i**2 + 2*i + 1. Let v be s(-1). Let j(q) = -q**3 - 6*q**2 - q - 7. Calculate j(v).
-1
Let k(x) = -x**2 + 3